e -t = -3*v + 6. Let w(x) = -2*x + 1. Give w(v).
-9
Let n(m) be the third derivative of 1/1680*m**7 + 0*m**4 - 1/60*m**5 + 0*m**6 + 0*m**3 + 0 - 2*m**2 + 0*m. Let r(j) be the third derivative of n(j). Give r(1).
3
Suppose 4*l = 9 - 1. Let i(d) be the first derivative of d**2/2 - 2*d - 3. Calculate i(l).
0
Let i(q) = -q - 3. Suppose 0*z - 4*z = 0. Suppose -r - 2*r + 12 = z. Suppose -c - 2 = r*a - 14, 4*c + 3 = a. What is i(c)?
-3
Let k(u) be the second derivative of u**4/12 - u**3/3 + u**2/2 - 5*u. Calculate k(3).
4
Let j = 3 - 0. Let s(v) = v + 1. Let i(t) = -3*t - 2. Suppose 0 = 4*g - 0*g - 4*n - 56, 4*g - 56 = -3*n. Let a(f) = g*s(f) + 6*i(f). What is a(j)?
-10
Let g(d) = -d**3 - d + 4. Let m be 4 - (-11)/(55/(-20)). Calculate g(m).
4
Let t(y) = -y**2 + 7*y + 10. Let d be t(8). Let j(c) be the first derivative of 0*c - 1/4*c**4 + 4/3*c**3 - 3/2*c**d - 2. What is j(3)?
0
Let i(w) = 2*w + 2. Let h(y) be the second derivative of 0*y**2 - 1/4*y**4 + 0 - 2*y + 1/20*y**5 + 1/2*y**3. Let g be h(2). Give i(g).
6
Let y(s) = -s + 6. Let x be y(5). Let u(j) = -j + x + 2*j - 7*j. What is u(1)?
-5
Let o(p) = 6*p**3 - 15*p**2 + 19*p - 4. Let d(c) = 2*c**3 - 5*c**2 + 6*c - 1. Let k(t) = -7*d(t) + 2*o(t). Determine k(3).
-22
Let d(x) = 447*x - 450*x - 2 + 1. Determine d(-1).
2
Let g = 1 - -1. Suppose 0 = g*i + i + 15. Let c(v) = -3 + 8*v + 6 + 5*v + 6*v**2 - 6*v + v**3. Calculate c(i).
-7
Let y be 11/(-9) + (-4)/(-18). Let q(l) = l**3 + 2*l**2 + l. What is q(y)?
0
Let p be (-4)/14 - 80/14. Let a(n) = -2 + 121*n - 1 - 123*n. Calculate a(p).
9
Let o(z) = -3*z**2 - 9*z - 1. Let u(b) = -b. Let x be (2 + -1)*(-48)/8. Let h(f) = x*u(f) + o(f). Determine h(-2).
-7
Let q(s) = 7*s - 2*s**2 - 18 + 11 + s**3 - 6*s**2. Determine q(7).
-7
Let d(y) = 4*y + 2. Let z(j) = -3*j - 1. Let m(p) = 5*d(p) + 7*z(p). What is m(0)?
3
Let g = -4 + 3. Let x(y) be the third derivative of -y**4/3 + y**3/6 + 4*y**2. What is x(g)?
9
Suppose -3*u - 3*z + 6 = 0, -5*u - z - 2*z = -10. Let q(p) = 2*p**2 - 3*p + 1. Let t be q(u). Let b(l) = -6*l**2 + 6*l**2 - 2 - l**t. Give b(0).
-2
Let k(s) = 2*s**3 - 2*s**2 - 2*s - 1. Let a = -3 - -2. Let f be k(a). Let z(c) = 4*c + 4 + c**3 - c + 4*c**2 - 3. Determine z(f).
1
Let d(n) = 3*n**2 - 2*n + 1. Let h be (1 - -5 - 5) + (-6)/2. Determine d(h).
17
Let r = 2 - 2. Let x(s) = s**3 + s. Let y be x(r). Let h be y/((-1)/(2 + -1)). Let m(l) = -l**2 + l + 1. What is m(h)?
1
Let o(m) be the third derivative of m**6/120 + m**5/15 + 5*m**4/24 + m**3/3 - 7*m**2. Determine o(-3).
-4
Let f(r) = r**3 + 4*r**2 - 6*r - 2. Let h be 6 + 1 + -1 + -2. Suppose -7 + h = -q. Suppose 4*d - q*d = -5. Give f(d).
3
Suppose 3*b = 2*b + 4*i - 13, 5*b - 4*i + 33 = 0. Let a(o) be the third derivative of -o**5/60 - o**4/3 - 7*o**3/6 - 7*o**2. Calculate a(b).
8
Let a(z) be the second derivative of -3*z**3/2 + 7*z. Determine a(1).
-9
Let w(k) = -k**3 + 4*k**2 - 3*k + 1. Let s be w(2). Let g(l) = 4*l + 7*l**2 + 3*l**2 - 1 - 6*l**2 - l**s. Determine g(5).
-6
Let p = -29 - -30. Let j(k) = 15*k**2 - k + 1. Determine j(p).
15
Let y(d) = -d**2 - 5*d. Let j be y(-5). Suppose -2*o + r + 3 = 0, j = o + 4*r + 1 + 11. Let f(z) = -4*z**3 + o*z**3 - 6 + 3*z**3. Give f(0).
-6
Let w(x) = x**3 + 4*x**2 + 3*x + 4. Let d be w(-3). Let j(l) = -4*l + 10*l + 0 + 5*l**2 - 7*l - d + l**3. Give j(-5).
1
Let y(m) = m**2 - 6*m + 4. Suppose 0 = 4*t - 6 - 2. Suppose -3*r - 3*h - 10 = -7*r, -r + h + t = 0. What is y(r)?
-4
Let n = -2 + 6. Let f(c) = 5*c - 5. Let g(y) = -y. Let s(h) = n*g(h) + f(h). Calculate s(0).
-5
Let a(f) = 3*f**2 - 6*f - 4*f**2 - 14 + 11. Calculate a(-4).
5
Let u(i) = -i**3 + 5*i**2 - 3*i - 4. Suppose -4*p + 9*p - w = 0, 2*w + 10 = 0. Let x = p - -5. Suppose -x = -0*q - 4*q - 4*j, q + 2 = -2*j. What is u(q)?
0
Let t = -1 + 4. Let n(i) = 4*i**2 + i + i**t + 6 + 0*i - 4*i. Let o be n(-5). Let b(k) = k + 4. Calculate b(o).
0
Suppose 0 = -10*g + 3*g + 21. Let i(v) = -v**2 + v + 2. What is i(g)?
-4
Let l(c) be the second derivative of 13*c**3/6 + c**2/2 - 16*c + 2. What is l(-2)?
-25
Let l(o) = o - 6. Suppose 10*s = 5*s. Determine l(s).
-6
Let r(o) = -3*o**2 + 2*o - 11 + 15 - o. Determine r(3).
-20
Suppose -5*y = 2*w - w + 16, -16 = 2*y - 2*w. Let p(d) be the first derivative of 1/4*d**4 + 3/2*d**2 + 4/3*d**3 - 3 + 6*d. Give p(y).
-6
Let o(m) = 3*m**2 + 5*m - 1. Let s(n) = -2*n**2 - 4*n + 1. Let g(y) = 3*o(y) + 4*s(y). What is g(1)?
1
Let d(a) = -a**3 + a**2 - a + 1. Let z = -14 + 14. Give d(z).
1
Let y(c) be the third derivative of -c**4/24 - c**3/3 - 19*c**2. What is y(-6)?
4
Let p(v) = -10*v**3 + 8*v**2 - 7*v - 4. Let l(y) = 7*y**3 - 5*y**2 + 5*y + 3. Let a(c) = 7*l(c) + 5*p(c). Give a(5).
1
Let v(z) = -5*z**3 + 2*z**2 + z - 2. Let d(l) = l**3 - l + 1. Let i(x) = -4*d(x) - v(x). What is i(2)?
4
Suppose 0 = -4*y - 5*s + 30, 7*y = 3*y - 4*s + 28. Suppose -y*b + 2*b + 9 = 0. Let k(p) = -p**2 + p + 2. Calculate k(b).
-4
Let z(y) = 7*y - 1. Let r be (-1)/((-15)/6 + (4 - 1)). Calculate z(r).
-15
Let p(t) = -t**3 + 4*t**2 + 6*t - 4. Let s be -3*((-6)/(-9))/(-1). Suppose 0*k = -s*k + 24. Let o = k + -7. Calculate p(o).
1
Let h(l) = l + 6. Suppose 14*t = 10*t + 12. Suppose -t*d + 3 = 21. Calculate h(d).
0
Let s(t) be the third derivative of -t**5/60 + t**4/12 - 2*t**3/3 - 13*t**2. What is s(3)?
-7
Let s(i) = i**3 - 6*i**2 + 5*i + 6. Let g(c) = -c - 1. Let h(a) = 6*g(a) + s(a). What is h(6)?
-6
Let w(i) = -i**2. Let l(g) = g**3 - 5*g**2 + 3*g + 3. Let z be l(3). Let f(p) = -6*p + 2. Let b be f(2). Let h be (-2)/z + b/30. What is w(h)?
0
Let w(b) = 0 - 2 + 0*b - 2*b. Suppose -11 + 0 = -u. Suppose 5*v = -y + u, y + 16 = -3*y. Determine w(v).
-8
Suppose 13 + 51 = 32*z. Let g(c) be the second derivative of c**5/20 - c**3/3 + 3*c**2/2 - c. Calculate g(z).
7
Let s(m) = -4*m**3. Let r be (-1)/(-3) - (-2)/3. Let b be s(r). Let w(g) = g**2. Give w(b).
16
Let b(c) = c - 1. Let p(k) = -2*k - 11. Let d be p(-7). Calculate b(d).
2
Let t(x) = -8 + 14 - 3*x - 3*x**2 + 2*x**2. Suppose -6 = 2*g - 4*v, v - 22 = 5*g - 2*v. Determine t(g).
-4
Let a be 4/10 + 7/(-5). Let x(s) = 2*s**2 + s + 1. Let c be x(-1). Let g(u) = 2*u**c + 0 + 6*u**3 - 1 - 3*u**3. What is g(a)?
-2
Let l(r) be the first derivative of -r**3/3 - 5*r**2/2 - 1. Suppose 2*n + 82 = 74. What is l(n)?
4
Let f(o) be the second derivative of -o**4/6 + o**3/2 - o**2/2 - 9*o. Determine f(3).
-10
Let x(u) = u - 2. Let r be x(6). Let t(s) = -r*s + 9 - 8 + 6*s. Give t(2).
5
Let t(v) be the first derivative of -3*v**4/2 + v**3/3 + 1. Suppose -4*d - 9 + 33 = 0. Let k = 7 - d. What is t(k)?
-5
Let s be (8/10)/((-6)/(-15)). Suppose -g = -4*g - 9, k = -s*g - 4. Let d(p) be the first derivative of -p**2/2 - 2*p - 1. Determine d(k).
-4
Let h = 52 - 45. Let l(r) = -r**2 + 8*r + 4. Calculate l(h).
11
Suppose -3*m - 12 = -0*m. Let a(o) be the third derivative of -o**5/60 - o**4/12 - o**3/2 - 6*o**2. Let s(i) be the first derivative of a(i). What is s(m)?
6
Suppose -3*z + 2 + 1 = 0. Let w(l) be the third derivative of 0*l + l**2 + 0*l**3 + 0*l**4 + 0 + 1/10*l**5. Give w(z).
6
Suppose -6*i - 24 = -2*i. Let v(r) = r + 2. Give v(i).
-4
Let v(w) be the second derivative of w**5/20 + w**4/3 + w**3/2 + w**2 + 3*w. Let y(k) = k**3 - 4*k**2 + 3*k - 1. Let a = 4 + -2. Let q be y(a). What is v(q)?
2
Let u = -27 + 30. Let f(b) = -6*b + 3. What is f(u)?
-15
Let f(i) = -7*i - 2*i + i - 1 + 4*i**2 - 5*i**2. Let d = 14 - 20. Calculate f(d).
11
Let j(q) = q. Let o be (-5)/(5/2) - -2. Suppose 12 = 5*h - h. Suppose o = 3*k - h*y + 6, -4*k - 7*y + 10 = -5*y. Calculate j(k).
1
Let n(s) = -s**2 + 7*s - 7. Suppose -4*m - 1 = -4*o + 43, 4*o - m = 32. Give n(o).
-7
Suppose -5*j + 15 = 35. Let y(l) be the third derivative of -l**4/8 - l**3 - l**2. Give y(j).
6
Let t(o) = -o**2 + 4*o + 13. Let z = 26 - 28. Let n(p) be the second derivative of p**3/6 + 3*p**2/2 - p. Let i(m) = z*t(m) + 9*n(m). Give i(-1).
2
Let s(c) = -3*c**3 - 4 + 2*c**3 + 3*c - 4*c**2 - 2*c. Calculate s(-4).
-8
Let d(w) = w + w**2 - w**2 + 4*w**2. Give d(1).
5
Suppose 6 = -3*c, -4*s + 5*c = -0 + 2. Let b(l) = 8*l**2 + 5*l - 4. Let p(o) = 7*o**2 + 5*o - 3. Let k(z) = -6*b(z) + 7*p(z). What is k(s)?
-3
Let z be ((-5)/(-10))/(1/(-26)). Let a(t) = -13*t**3 - 2*t**2 - 2*t - 7. Let n(o) = 27*o**3 + 4*o**2 + 4*o + 15. Let r(h) = z*a(h) 